{"id":2844,"date":"2019-12-19T12:55:22","date_gmt":"2019-12-19T12:55:22","guid":{"rendered":"https:\/\/salari.webstudio7.nl\/?page_id=2844"},"modified":"2021-04-23T11:19:24","modified_gmt":"2021-04-23T11:19:24","slug":"vermietung","status":"publish","type":"page","link":"https:\/\/www.salari.nl\/de\/dienstleistungen\/vermietung\/","title":{"rendered":"Vermietung"},"content":{"rendered":"<p>[vc_row css=&#8221;.vc_custom_1598526325716{padding-top: 120px !important;padding-bottom: 120px !important;background-image: url(https:\/\/www.salari.nl\/wp-content\/uploads\/2020\/08\/header-img-salari.jpg?id=3473) !important;background-position: center !important;background-repeat: no-repeat !important;background-size: cover !important;}&#8221;][vc_column][vc_custom_heading text=&#8221;Vermietung&#8221; font_container=&#8221;tag:h1|font_size:45px|text_align:center|color:%23ffffff&#8221; use_theme_fonts=&#8221;yes&#8221;][\/vc_column][\/vc_row][vc_row css=&#8221;.vc_custom_1576147535212{padding-top: 70px !important;padding-bottom: 30px !important;}&#8221;][vc_column][vc_custom_heading text=&#8221;Vermietung&#8221; use_theme_fonts=&#8221;yes&#8221;][\/vc_column][\/vc_row][vc_row css=&#8221;.vc_custom_1576760160461{padding-bottom: 80px !important;}&#8221;][vc_column width=&#8221;1\/2&#8243;][vc_column_text]Verteilt \u00fcber mehrere Standporte im niederl\u00e4ndischen Sittard verf\u00fcgt W.G. Salari \u00fcber rund 95.000\u00a0m\u00b2 multifunktionale, zum Teil beheizte Gewerbe- und Lagerfl\u00e4chen. Alle Standorte sind \u00fcber die A2 und N297 gut erreichbar, verf\u00fcgen \u00fcber Ladedocks und haben eine H\u00f6he von mindestens 8\u00a0Metern. Vermietet werden Teilfl\u00e4chen ab 2000\u00a0m\u00b2.<\/p>\n<p>F\u00fcr unsere Auftraggeber \u00fcbernehmen wir s\u00e4mtliche Gabelstapler- und Handlingleistungen sowie auf Wunsch auch den Transport zur Lagerst\u00e4tte. Dar\u00fcber hinaus vermieten wir verschiedene Gewerbefl\u00e4chen. Die obige Gewerbefl\u00e4che liegt am Nusterweg in Sittard.[\/vc_column_text][\/vc_column][vc_column width=&#8221;1\/2&#8243;][vc_single_image image=&#8221;2205&#8243; img_size=&#8221;full&#8221;][\/vc_column][\/vc_row][vc_section css=&#8221;.vc_custom_1576147403163{background-color: #031d3a !important;}&#8221;][vc_row full_width=&#8221;stretch_row&#8221; css=&#8221;.vc_custom_1576833424595{padding-top: 50px !important;padding-bottom: 50px !important;background-image: url(\/\/salari.webstudio7.nl\/wp-content\/uploads\/2019\/12\/patroon-1800px.png?id=2492) !important;}&#8221; el_class=&#8221;blok-met-vector-background&#8221;][vc_column width=&#8221;2\/3&#8243;][vc_empty_space height=&#8221;12px&#8221;][vc_custom_heading text=&#8221;Weitere Informationen zur Vermietung?&#8221; font_container=&#8221;tag:h2|font_size:33px|text_align:left|color:%23ffffff&#8221; use_theme_fonts=&#8221;yes&#8221; css_animation=&#8221;fadeInUp&#8221; el_class=&#8221;delay-1 custom-hd&#8221;][\/vc_column][vc_column width=&#8221;1\/3&#8243;][vc_raw_html]JTNDZGl2JTIwaWQlM0QlMjJidXR0b24tY3RhLWJsb2staG9tZS1kZXNrdG9wJTIyJTIwc3R5bGUlM0QlMjJ0ZXh0LWFsaWduJTNBJTIwcmlnaHQlM0IlMjIlM0UlM0NhJTIwY2xhc3MlM0QlMjJidXR0b24lMjBsYXJnZSUyMGFjY2VudCUyMiUyMGhyZWYlM0QlMjIlMkZkZSUyRmtvbnRha3QlMkYlMjIlM0VLb250YWt0aWVyZW4lMjBTaWUlMjB1bnMlM0MlMkZhJTNFJTNDJTJGZGl2JTNF[\/vc_raw_html][vc_raw_html]JTNDZGl2JTIwaWQlM0QlMjJidXR0b24tY3RhLWJsb2staG9tZS1tb2JpbGUlMjIlMjBzdHlsZSUzRCUyMnRleHQtYWxpZ24lM0ElMjBsZWZ0JTNCJTIyJTNFJTNDYSUyMGNsYXNzJTNEJTIyYnV0dG9uJTIwbGFyZ2UlMjBhY2NlbnQlMjIlMjBocmVmJTNEJTIyJTJGZGUlMkZrb250YWt0JTJGJTIyJTNFS29udGFrdGllcmVuJTIwU2llJTIwdW5zJTNDJTJGYSUzRSUzQyUyRmRpdiUzRQ==[\/vc_raw_html][\/vc_column][\/vc_row][vc_row][vc_column][vc_empty_space height=&#8221;30px&#8221;][\/vc_column][\/vc_row][\/vc_section]<\/p>\n","protected":false},"excerpt":{"rendered":"<p>[vc_row css=&#8221;.vc_custom_1598526325716{padding-top: 120px !important;padding-bottom: 120px !important;background-image: url(https:\/\/www.salari.nl\/wp-content\/uploads\/2020\/08\/header-img-salari.jpg?id=3473) !important;background-position: center !important;background-repeat: no-repeat !important;background-size: cover !important;}&#8221;][vc_column][vc_custom_heading text=&#8221;Vermietung&#8221; font_container=&#8221;tag:h1|font_size:45px|text_align:center|color:%23ffffff&#8221; use_theme_fonts=&#8221;yes&#8221;][\/vc_column][\/vc_row][vc_row css=&#8221;.vc_custom_1576147535212{padding-top: 70px !important;padding-bottom: 30px !important;}&#8221;][vc_column][vc_custom_heading text=&#8221;Vermietung&#8221; use_theme_fonts=&#8221;yes&#8221;][\/vc_column][\/vc_row][vc_row css=&#8221;.vc_custom_1576760160461{padding-bottom: 80px !important;}&#8221;][vc_column width=&#8221;1\/2&#8243;][vc_column_text]Verteilt \u00fcber mehrere Standporte im niederl\u00e4ndischen Sittard verf\u00fcgt W.G. Salari \u00fcber rund 95.000\u00a0m\u00b2 multifunktionale, zum Teil beheizte Gewerbe- und Lagerfl\u00e4chen. Alle Standorte sind \u00fcber die A2 und N297 [&hellip;]<\/p>\n","protected":false},"author":2,"featured_media":0,"parent":2850,"menu_order":84,"comment_status":"closed","ping_status":"closed","template":"tmpl\/template-fullwidth.php","meta":{"_monsterinsights_skip_tracking":false,"_monsterinsights_sitenote_active":false,"_monsterinsights_sitenote_note":"","_monsterinsights_sitenote_category":0},"yoast_head":"<!-- This site is optimized with the Yoast SEO plugin v20.2.1 - https:\/\/yoast.com\/wordpress\/plugins\/seo\/ -->\n<title>Vermietung - W.G. Salari | Unser Mietangebot in Sittard<\/title>\n<meta name=\"description\" content=\"W.G. Salari bietet auch multifunktionale beheizte und nicht beheizte Gesch\u00e4fts- und Lagerfl\u00e4chen zur Miete an. Lesen Sie hier weiter \u00fcber Vermieting.\" \/>\n<meta name=\"robots\" content=\"index, follow, max-snippet:-1, max-image-preview:large, max-video-preview:-1\" \/>\n<link rel=\"canonical\" href=\"https:\/\/www.salari.nl\/de\/dienstleistungen\/vermietung\/\" \/>\n<meta property=\"og:locale\" content=\"de_DE\" \/>\n<meta property=\"og:type\" content=\"article\" \/>\n<meta property=\"og:title\" content=\"Vermietung - W.G. Salari | Unser Mietangebot in Sittard\" \/>\n<meta property=\"og:description\" content=\"W.G. Salari bietet auch multifunktionale beheizte und nicht beheizte Gesch\u00e4fts- und Lagerfl\u00e4chen zur Miete an. Lesen Sie hier weiter \u00fcber Vermieting.\" \/>\n<meta property=\"og:url\" content=\"https:\/\/www.salari.nl\/de\/dienstleistungen\/vermietung\/\" \/>\n<meta property=\"og:site_name\" content=\"W.G. Salari\" \/>\n<meta property=\"article:publisher\" content=\"https:\/\/www.facebook.com\/WGSalari\/\" \/>\n<meta property=\"article:modified_time\" content=\"2021-04-23T11:19:24+00:00\" \/>\n<meta name=\"twitter:card\" content=\"summary_large_image\" \/>\n<meta name=\"twitter:label1\" content=\"Gesch\u00e4tzte Lesezeit\" \/>\n\t<meta name=\"twitter:data1\" content=\"2\u00a0Minuten\" \/>\n<script type=\"application\/ld+json\" class=\"yoast-schema-graph\">{\"@context\":\"https:\/\/schema.org\",\"@graph\":[{\"@type\":\"WebPage\",\"@id\":\"https:\/\/www.salari.nl\/de\/dienstleistungen\/vermietung\/\",\"url\":\"https:\/\/www.salari.nl\/de\/dienstleistungen\/vermietung\/\",\"name\":\"Vermietung - W.G. Salari | Unser Mietangebot in Sittard\",\"isPartOf\":{\"@id\":\"https:\/\/www.salari.nl\/#website\"},\"datePublished\":\"2019-12-19T12:55:22+00:00\",\"dateModified\":\"2021-04-23T11:19:24+00:00\",\"description\":\"W.G. Salari bietet auch multifunktionale beheizte und nicht beheizte Gesch\u00e4fts- und Lagerfl\u00e4chen zur Miete an. Lesen Sie hier weiter \u00fcber Vermieting.\",\"breadcrumb\":{\"@id\":\"https:\/\/www.salari.nl\/de\/dienstleistungen\/vermietung\/#breadcrumb\"},\"inLanguage\":\"de\",\"potentialAction\":[{\"@type\":\"ReadAction\",\"target\":[\"https:\/\/www.salari.nl\/de\/dienstleistungen\/vermietung\/\"]}]},{\"@type\":\"BreadcrumbList\",\"@id\":\"https:\/\/www.salari.nl\/de\/dienstleistungen\/vermietung\/#breadcrumb\",\"itemListElement\":[{\"@type\":\"ListItem\",\"position\":1,\"name\":\"Home\",\"item\":\"https:\/\/www.salari.nl\/de\/\"},{\"@type\":\"ListItem\",\"position\":2,\"name\":\"Dienstleistungen\",\"item\":\"https:\/\/www.salari.nl\/de\/dienstleistungen\/\"},{\"@type\":\"ListItem\",\"position\":3,\"name\":\"Vermietung\"}]},{\"@type\":\"WebSite\",\"@id\":\"https:\/\/www.salari.nl\/#website\",\"url\":\"https:\/\/www.salari.nl\/\",\"name\":\"W.G. Salari\",\"description\":\"W.G. Salari\",\"publisher\":{\"@id\":\"https:\/\/www.salari.nl\/#organization\"},\"potentialAction\":[{\"@type\":\"SearchAction\",\"target\":{\"@type\":\"EntryPoint\",\"urlTemplate\":\"https:\/\/www.salari.nl\/?s={search_term_string}\"},\"query-input\":\"required name=search_term_string\"}],\"inLanguage\":\"de\"},{\"@type\":\"Organization\",\"@id\":\"https:\/\/www.salari.nl\/#organization\",\"name\":\"W.G. Salari\",\"url\":\"https:\/\/www.salari.nl\/\",\"logo\":{\"@type\":\"ImageObject\",\"inLanguage\":\"de\",\"@id\":\"https:\/\/www.salari.nl\/#\/schema\/logo\/image\/\",\"url\":\"https:\/\/www.salari.nl\/wp-content\/uploads\/2019\/12\/footer-logo-salari.png\",\"contentUrl\":\"https:\/\/www.salari.nl\/wp-content\/uploads\/2019\/12\/footer-logo-salari.png\",\"width\":300,\"height\":80,\"caption\":\"W.G. Salari\"},\"image\":{\"@id\":\"https:\/\/www.salari.nl\/#\/schema\/logo\/image\/\"},\"sameAs\":[\"https:\/\/www.facebook.com\/WGSalari\/\",\"https:\/\/nl.linkedin.com\/company\/w-g-salari\"]}]}<\/script>\n<!-- \/ Yoast SEO plugin. -->","yoast_head_json":{"title":"Vermietung - W.G. Salari | Unser Mietangebot in Sittard","description":"W.G. Salari bietet auch multifunktionale beheizte und nicht beheizte Gesch\u00e4fts- und Lagerfl\u00e4chen zur Miete an. Lesen Sie hier weiter \u00fcber Vermieting.","robots":{"index":"index","follow":"follow","max-snippet":"max-snippet:-1","max-image-preview":"max-image-preview:large","max-video-preview":"max-video-preview:-1"},"canonical":"https:\/\/www.salari.nl\/de\/dienstleistungen\/vermietung\/","og_locale":"de_DE","og_type":"article","og_title":"Vermietung - W.G. Salari | Unser Mietangebot in Sittard","og_description":"W.G. Salari bietet auch multifunktionale beheizte und nicht beheizte Gesch\u00e4fts- und Lagerfl\u00e4chen zur Miete an. Lesen Sie hier weiter \u00fcber Vermieting.","og_url":"https:\/\/www.salari.nl\/de\/dienstleistungen\/vermietung\/","og_site_name":"W.G. Salari","article_publisher":"https:\/\/www.facebook.com\/WGSalari\/","article_modified_time":"2021-04-23T11:19:24+00:00","twitter_card":"summary_large_image","twitter_misc":{"Gesch\u00e4tzte Lesezeit":"2\u00a0Minuten"},"schema":{"@context":"https:\/\/schema.org","@graph":[{"@type":"WebPage","@id":"https:\/\/www.salari.nl\/de\/dienstleistungen\/vermietung\/","url":"https:\/\/www.salari.nl\/de\/dienstleistungen\/vermietung\/","name":"Vermietung - W.G. Salari | Unser Mietangebot in Sittard","isPartOf":{"@id":"https:\/\/www.salari.nl\/#website"},"datePublished":"2019-12-19T12:55:22+00:00","dateModified":"2021-04-23T11:19:24+00:00","description":"W.G. Salari bietet auch multifunktionale beheizte und nicht beheizte Gesch\u00e4fts- und Lagerfl\u00e4chen zur Miete an. Lesen Sie hier weiter \u00fcber Vermieting.","breadcrumb":{"@id":"https:\/\/www.salari.nl\/de\/dienstleistungen\/vermietung\/#breadcrumb"},"inLanguage":"de","potentialAction":[{"@type":"ReadAction","target":["https:\/\/www.salari.nl\/de\/dienstleistungen\/vermietung\/"]}]},{"@type":"BreadcrumbList","@id":"https:\/\/www.salari.nl\/de\/dienstleistungen\/vermietung\/#breadcrumb","itemListElement":[{"@type":"ListItem","position":1,"name":"Home","item":"https:\/\/www.salari.nl\/de\/"},{"@type":"ListItem","position":2,"name":"Dienstleistungen","item":"https:\/\/www.salari.nl\/de\/dienstleistungen\/"},{"@type":"ListItem","position":3,"name":"Vermietung"}]},{"@type":"WebSite","@id":"https:\/\/www.salari.nl\/#website","url":"https:\/\/www.salari.nl\/","name":"W.G. Salari","description":"W.G. Salari","publisher":{"@id":"https:\/\/www.salari.nl\/#organization"},"potentialAction":[{"@type":"SearchAction","target":{"@type":"EntryPoint","urlTemplate":"https:\/\/www.salari.nl\/?s={search_term_string}"},"query-input":"required name=search_term_string"}],"inLanguage":"de"},{"@type":"Organization","@id":"https:\/\/www.salari.nl\/#organization","name":"W.G. Salari","url":"https:\/\/www.salari.nl\/","logo":{"@type":"ImageObject","inLanguage":"de","@id":"https:\/\/www.salari.nl\/#\/schema\/logo\/image\/","url":"https:\/\/www.salari.nl\/wp-content\/uploads\/2019\/12\/footer-logo-salari.png","contentUrl":"https:\/\/www.salari.nl\/wp-content\/uploads\/2019\/12\/footer-logo-salari.png","width":300,"height":80,"caption":"W.G. Salari"},"image":{"@id":"https:\/\/www.salari.nl\/#\/schema\/logo\/image\/"},"sameAs":["https:\/\/www.facebook.com\/WGSalari\/","https:\/\/nl.linkedin.com\/company\/w-g-salari"]}]}},"_links":{"self":[{"href":"https:\/\/www.salari.nl\/de\/wp-json\/wp\/v2\/pages\/2844"}],"collection":[{"href":"https:\/\/www.salari.nl\/de\/wp-json\/wp\/v2\/pages"}],"about":[{"href":"https:\/\/www.salari.nl\/de\/wp-json\/wp\/v2\/types\/page"}],"author":[{"embeddable":true,"href":"https:\/\/www.salari.nl\/de\/wp-json\/wp\/v2\/users\/2"}],"replies":[{"embeddable":true,"href":"https:\/\/www.salari.nl\/de\/wp-json\/wp\/v2\/comments?post=2844"}],"version-history":[{"count":7,"href":"https:\/\/www.salari.nl\/de\/wp-json\/wp\/v2\/pages\/2844\/revisions"}],"predecessor-version":[{"id":3902,"href":"https:\/\/www.salari.nl\/de\/wp-json\/wp\/v2\/pages\/2844\/revisions\/3902"}],"up":[{"embeddable":true,"href":"https:\/\/www.salari.nl\/de\/wp-json\/wp\/v2\/pages\/2850"}],"wp:attachment":[{"href":"https:\/\/www.salari.nl\/de\/wp-json\/wp\/v2\/media?parent=2844"}],"curies":[{"name":"wp","href":"https:\/\/api.w.org\/{rel}","templated":true}]}}

<p>[vc_row css=&#8221;.vc_custom_1598526325716{padding-top: 120px !important;padding-bottom: 120px !important;background-image: url(https://www.salari.nl/wp-content/uploads/2020/08/header-img-salari.jpg?id=3473) !important;background-position: center !important;background-repeat: no-repeat !important;background-size: cover !important;}&#8221;][vc_column][vc_custom_heading text=&#8221;Vermietung&#8221; font_container=&#8221;tag:h1|font_size:45px|text_align:center|color:%23ffffff&#8221; use_theme_fonts=&#8221;yes&#8221;][/vc_column][/vc_row][vc_row css=&#8221;.vc_custom_1576147535212{padding-top: 70px !important;padding-bottom: 30px !important;}&#8221;][vc_column][vc_custom_heading text=&#8221;Vermietung&#8221; use_theme_fonts=&#8221;yes&#8221;][/vc_column][/vc_row][vc_row css=&#8221;.vc_custom_1576760160461{padding-bottom: 80px !important;}&#8221;][vc_column width=&#8221;1/2&#8243;][vc_column_text]Verteilt über mehrere Standporte im niederländischen Sittard verfügt W.G. Salari über rund 95.000 m² multifunktionale, zum Teil beheizte Gewerbe- und Lagerflächen. Alle Standorte sind über die A2 und N297 gut erreichbar, verfügen über Ladedocks und haben eine Höhe von mindestens 8 Metern. Vermietet werden Teilflächen ab 2000 m².</p>
<p>Für unsere Auftraggeber übernehmen wir sämtliche Gabelstapler- und Handlingleistungen sowie auf Wunsch auch den Transport zur Lagerstätte. Darüber hinaus vermieten wir verschiedene Gewerbeflächen. Die obige Gewerbefläche liegt am Nusterweg in Sittard.[/vc_column_text][/vc_column][vc_column width=&#8221;1/2&#8243;][vc_single_image image=&#8221;2205&#8243; img_size=&#8221;full&#8221;][/vc_column][/vc_row][vc_section css=&#8221;.vc_custom_1576147403163{background-color: #031d3a !important;}&#8221;][vc_row full_width=&#8221;stretch_row&#8221; css=&#8221;.vc_custom_1576833424595{padding-top: 50px !important;padding-bottom: 50px !important;background-image: url(//salari.webstudio7.nl/wp-content/uploads/2019/12/patroon-1800px.png?id=2492) !important;}&#8221; el_class=&#8221;blok-met-vector-background&#8221;][vc_column width=&#8221;2/3&#8243;][vc_empty_space height=&#8221;12px&#8221;][vc_custom_heading text=&#8221;Weitere Informationen zur Vermietung?&#8221; font_container=&#8221;tag:h2|font_size:33px|text_align:left|color:%23ffffff&#8221; use_theme_fonts=&#8221;yes&#8221; css_animation=&#8221;fadeInUp&#8221; el_class=&#8221;delay-1 custom-hd&#8221;][/vc_column][vc_column width=&#8221;1/3&#8243;][vc_raw_html]JTNDZGl2JTIwaWQlM0QlMjJidXR0b24tY3RhLWJsb2staG9tZS1kZXNrdG9wJTIyJTIwc3R5bGUlM0QlMjJ0ZXh0LWFsaWduJTNBJTIwcmlnaHQlM0IlMjIlM0UlM0NhJTIwY2xhc3MlM0QlMjJidXR0b24lMjBsYXJnZSUyMGFjY2VudCUyMiUyMGhyZWYlM0QlMjIlMkZkZSUyRmtvbnRha3QlMkYlMjIlM0VLb250YWt0aWVyZW4lMjBTaWUlMjB1bnMlM0MlMkZhJTNFJTNDJTJGZGl2JTNF[/vc_raw_html][vc_raw_html]JTNDZGl2JTIwaWQlM0QlMjJidXR0b24tY3RhLWJsb2staG9tZS1tb2JpbGUlMjIlMjBzdHlsZSUzRCUyMnRleHQtYWxpZ24lM0ElMjBsZWZ0JTNCJTIyJTNFJTNDYSUyMGNsYXNzJTNEJTIyYnV0dG9uJTIwbGFyZ2UlMjBhY2NlbnQlMjIlMjBocmVmJTNEJTIyJTJGZGUlMkZrb250YWt0JTJGJTIyJTNFS29udGFrdGllcmVuJTIwU2llJTIwdW5zJTNDJTJGYSUzRSUzQyUyRmRpdiUzRQ==[/vc_raw_html][/vc_column][/vc_row][vc_row][vc_column][vc_empty_space height=&#8221;30px&#8221;][/vc_column][/vc_row][/vc_section]</p>

<p>[vc_row css=&#8221;.vc_custom_1598526325716{padding-top: 120px !important;padding-bottom: 120px !important;background-image: url(https://www.salari.nl/wp-content/uploads/2020/08/header-img-salari.jpg?id=3473) !important;background-position: center !important;background-repeat: no-repeat !important;background-size: cover !important;}&#8221;][vc_column][vc_custom_heading text=&#8221;Vermietung&#8221; font_container=&#8221;tag:h1|font_size:45px|text_align:center|color:%23ffffff&#8221; use_theme_fonts=&#8221;yes&#8221;][/vc_column][/vc_row][vc_row css=&#8221;.vc_custom_1576147535212{padding-top: 70px !important;padding-bottom: 30px !important;}&#8221;][vc_column][vc_custom_heading text=&#8221;Vermietung&#8221; use_theme_fonts=&#8221;yes&#8221;][/vc_column][/vc_row][vc_row css=&#8221;.vc_custom_1576760160461{padding-bottom: 80px !important;}&#8221;][vc_column width=&#8221;1/2&#8243;][vc_column_text]Verteilt über mehrere Standporte im niederländischen Sittard verfügt W.G. Salari über rund 95.000 m² multifunktionale, zum Teil beheizte Gewerbe- und Lagerflächen. Alle Standorte sind über die A2 und N297 [&hellip;]</p>

<!-- This site is optimized with the Yoast SEO plugin v20.2.1 - https://yoast.com/wordpress/plugins/seo/ -->
<title>Vermietung - W.G. Salari | Unser Mietangebot in Sittard</title>
<meta name="description" content="W.G. Salari bietet auch multifunktionale beheizte und nicht beheizte Geschäfts- und Lagerflächen zur Miete an. Lesen Sie hier weiter über Vermieting." />
<meta name="robots" content="index, follow, max-snippet:-1, max-image-preview:large, max-video-preview:-1" />
<link rel="canonical" href="https://www.salari.nl/de/dienstleistungen/vermietung/" />
<meta property="og:locale" content="de_DE" />
<meta property="og:type" content="article" />
<meta property="og:title" content="Vermietung - W.G. Salari | Unser Mietangebot in Sittard" />
<meta property="og:description" content="W.G. Salari bietet auch multifunktionale beheizte und nicht beheizte Geschäfts- und Lagerflächen zur Miete an. Lesen Sie hier weiter über Vermieting." />
<meta property="og:url" content="https://www.salari.nl/de/dienstleistungen/vermietung/" />
<meta property="og:site_name" content="W.G. Salari" />
<meta property="article:publisher" content="https://www.facebook.com/WGSalari/" />
<meta property="article:modified_time" content="2021-04-23T11:19:24+00:00" />
<meta name="twitter:card" content="summary_large_image" />
<meta name="twitter:label1" content="Geschätzte Lesezeit" />
	<meta name="twitter:data1" content="2 Minuten" />
<script type="application/ld+json" class="yoast-schema-graph">{"@context":"https://schema.org","@graph":[{"@type":"WebPage","@id":"https://www.salari.nl/de/dienstleistungen/vermietung/","url":"https://www.salari.nl/de/dienstleistungen/vermietung/","name":"Vermietung - W.G. Salari | Unser Mietangebot in Sittard","isPartOf":{"@id":"https://www.salari.nl/#website"},"datePublished":"2019-12-19T12:55:22+00:00","dateModified":"2021-04-23T11:19:24+00:00","description":"W.G. Salari bietet auch multifunktionale beheizte und nicht beheizte Geschäfts- und Lagerflächen zur Miete an. Lesen Sie hier weiter über Vermieting.","breadcrumb":{"@id":"https://www.salari.nl/de/dienstleistungen/vermietung/#breadcrumb"},"inLanguage":"de","potentialAction":[{"@type":"ReadAction","target":["https://www.salari.nl/de/dienstleistungen/vermietung/"]}]},{"@type":"BreadcrumbList","@id":"https://www.salari.nl/de/dienstleistungen/vermietung/#breadcrumb","itemListElement":[{"@type":"ListItem","position":1,"name":"Home","item":"https://www.salari.nl/de/"},{"@type":"ListItem","position":2,"name":"Dienstleistungen","item":"https://www.salari.nl/de/dienstleistungen/"},{"@type":"ListItem","position":3,"name":"Vermietung"}]},{"@type":"WebSite","@id":"https://www.salari.nl/#website","url":"https://www.salari.nl/","name":"W.G. Salari","description":"W.G. Salari","publisher":{"@id":"https://www.salari.nl/#organization"},"potentialAction":[{"@type":"SearchAction","target":{"@type":"EntryPoint","urlTemplate":"https://www.salari.nl/?s={search_term_string}"},"query-input":"required name=search_term_string"}],"inLanguage":"de"},{"@type":"Organization","@id":"https://www.salari.nl/#organization","name":"W.G. Salari","url":"https://www.salari.nl/","logo":{"@type":"ImageObject","inLanguage":"de","@id":"https://www.salari.nl/#/schema/logo/image/","url":"https://www.salari.nl/wp-content/uploads/2019/12/footer-logo-salari.png","contentUrl":"https://www.salari.nl/wp-content/uploads/2019/12/footer-logo-salari.png","width":300,"height":80,"caption":"W.G. Salari"},"image":{"@id":"https://www.salari.nl/#/schema/logo/image/"},"sameAs":["https://www.facebook.com/WGSalari/","https://nl.linkedin.com/company/w-g-salari"]}]}</script>
<!-- / Yoast SEO plugin. -->

W.G. Salari bietet auch multifunktionale beheizte und nicht beheizte Geschäfts- und Lagerflächen zur Miete an. Lesen Sie hier weiter über Vermieting.
